{"id":17,"date":"2025-11-05T13:05:23","date_gmt":"2025-11-05T13:05:23","guid":{"rendered":"http:\/\/heartsinmovement.com\/?page_id=17"},"modified":"2025-11-05T13:05:23","modified_gmt":"2025-11-05T13:05:23","slug":"projets","status":"publish","type":"page","link":"https:\/\/heartsinmovement.com\/index.php\/projets\/","title":{"rendered":"Projets"},"content":{"rendered":"\n<p>Nos actions visent \u00e0 r\u00e9pondre aux besoins essentiels des enfants :<\/p>\n\n\n\n<p class=\"p3\">\u00c9ducation : Fourniture de mat\u00e9riel scolaire et soutien aux programmes \u00e9ducatifs. Sant\u00e9 : Acc\u00e8s \u00e0 des soins de base et campagnes de sensibilisation. Bien-\u00eatre : Activit\u00e9s et espaces pour favoriser le bonheur et l\u2019\u00e9panouissement.<\/p>\n","protected":false},"excerpt":{"rendered":"<p>Nos actions visent \u00e0 r\u00e9pondre aux besoins essentiels des enfants : \u00c9ducation : Fourniture de mat\u00e9riel scolaire et soutien aux programmes \u00e9ducatifs. Sant\u00e9 : Acc\u00e8s \u00e0 des soins de base et campagnes de sensibilisation. Bien-\u00eatre : Activit\u00e9s et espaces pour favoriser le bonheur et l\u2019\u00e9panouissement.<\/p>\n","protected":false},"author":1,"featured_media":0,"parent":0,"menu_order":0,"comment_status":"closed","ping_status":"closed","template":"","meta":{"footnotes":""},"class_list":["post-17","page","type-page","status-publish","hentry"],"_links":{"self":[{"href":"https:\/\/heartsinmovement.com\/index.php\/wp-json\/wp\/v2\/pages\/17","targetHints":{"allow":["GET"]}}],"collection":[{"href":"https:\/\/heartsinmovement.com\/index.php\/wp-json\/wp\/v2\/pages"}],"about":[{"href":"https:\/\/heartsinmovement.com\/index.php\/wp-json\/wp\/v2\/types\/page"}],"author":[{"embeddable":true,"href":"https:\/\/heartsinmovement.com\/index.php\/wp-json\/wp\/v2\/users\/1"}],"replies":[{"embeddable":true,"href":"https:\/\/heartsinmovement.com\/index.php\/wp-json\/wp\/v2\/comments?post=17"}],"version-history":[{"count":1,"href":"https:\/\/heartsinmovement.com\/index.php\/wp-json\/wp\/v2\/pages\/17\/revisions"}],"predecessor-version":[{"id":18,"href":"https:\/\/heartsinmovement.com\/index.php\/wp-json\/wp\/v2\/pages\/17\/revisions\/18"}],"wp:attachment":[{"href":"https:\/\/heartsinmovement.com\/index.php\/wp-json\/wp\/v2\/media?parent=17"}],"curies":[{"name":"wp","href":"https:\/\/api.w.org\/{rel}","templated":true}]}}